n?
3
Suppose 5*x - 221 - 119 = 0. What are the prime factors of x?
2, 17
Let a be 1*(-2)/(-3)*-12. Let x be (-32)/(-14) - a/(-28). Suppose x*m - 3*m = -10. What are the prime factors of m?
2, 5
Suppose 0 = -4*g - n + 1315, 2*n = -4*g + g + 990. What are the prime factors of g?
2, 41
Let i(k) = -k**3 - 5*k**2 - 6*k - 32. List the prime factors of i(-8).
2, 13
Let q(z) be the third derivative of 17*z**5/60 - z**3/6 + z**2. Let a be q(-1). Suppose 0 = 3*w - w - a. What are the prime factors of w?
2
Suppose 7 + 318 = 5*b. List the prime factors of b.
5, 13
Suppose -2*n + 15 = n. What are the prime factors of n?
5
Suppose -x = -0*x - 14. Suppose 4*g + x = 5*g. List the prime factors of g.
2, 7
Let t(q) = q**2 + 3 - 2 + 3*q - q. Let s be t(-3). Suppose s = -2*b + 16. List the prime factors of b.
2, 3
Let n = 15 + -11. Suppose -2*v + n = -j, -4 = j + 2*v - 16. Suppose 5*l = -4*y + 33, -4*l + 2*y + 30 = j*y. List the prime factors of l.
3
Let d = -372 + 692. What are the prime factors of d?
2, 5
Let u(c) = c**3 - 9*c**2 + 7*c + 7. Let t = 6 - -2. Let z be u(t). Let j = 9 + z. List the prime factors of j.
2
Suppose -w + 3*w - 4*b = 188, -5*w + 442 = 4*b. List the prime factors of w.
2, 3, 5
Let d be (-2)/(-5) + 28/5. Let n(i) = -i**2 + 8*i + 4. List the prime factors of n(d).
2
Let o(v) = -v. Let b(h) be the first derivative of 2*h**3/3 + 8*h**2 - 2. Let a(m) = 5*b(m) + 80*o(m). List the prime factors of a(-1).
2, 5
Let l(j) = j**2 + 5*j - 8. Let c be l(-8). List the prime factors of (21/14)/(3/c).
2
Let w(r) = r**2 - 6*r - 33. List the prime factors of w(-7).
2, 29
List the prime factors of 40*(1 - (-6)/4).
2, 5
Let y = -40 - -93. List the prime factors of y.
53
Let n(j) = j**2 - j + 65. List the prime factors of n(0).
5, 13
Let v(x) = x**3 - 6*x**2 - 12*x + 12. What are the prime factors of v(8)?
2, 11
Suppose -3*z + 14 + 1 = 0. Let u = 13 - z. List the prime factors of u.
2
Let l(j) = -3*j**3 - 4*j**2 - 2*j + 1. Let x be l(-2). Let o = x - -1. List the prime factors of o.
2, 7
Let s(v) = 2*v**3 + 3*v**2 + v + 1. Let u be s(-2). Let h = u + 15. What are the prime factors of h?
2, 5
Suppose 12 = 4*r, -44 = 5*g - r - 1. Let x = -5 - g. What are the prime factors of -2 + -2 + x + 17?
2
Let r = -7 - -11. Suppose -8 = -r*f + 8. List the prime factors of f.
2
Suppose -2*z = 3*d - 233, -3*d = -11*z + 6*z + 614. List the prime factors of z.
11
Let b(z) = -4*z**3 + z - 2. Let v be b(-2). Suppose v = 2*p + 4*g, 2*g + g - 6 = p. List the prime factors of p.
2, 3
Let o = 133 - -89. List the prime factors of o.
2, 3, 37
Let h(t) = 4*t + 19. What are the prime factors of h(6)?
43
List the prime factors of ((-90)/(-7))/(18/84).
2, 3, 5
Suppose -2*u + 36 + 34 = 0. What are the prime factors of u?
5, 7
Suppose 0 = -3*x + 2*x - 3. What are the prime factors of (-2)/(x/(30/4))?
5
Let m(a) = -2 - 2*a + 3*a + 2*a + 0*a. List the prime factors of m(5).
13
Let s(w) = w**2 + 7*w + 5. Suppose -3*j = 2*j + 30. Let r be s(j). List the prime factors of ((-1)/r)/((-4)/(-24)).
2, 3
Let z = 5 - 2. Suppose 3*f + i - 4 = 2*f, 4*f + 12 = z*i. Suppose -w - 4 = -2*m, f*m = -m - 4*w + 11. What are the prime factors of m?
3
Let q = 46 - -33. List the prime factors of q.
79
Suppose 2*g = -4*u - 6, 2*g = -0*u + 5*u + 21. Suppose -z - g*j - 2*j + 7 = 0, 0 = -4*z + 5*j + 3. Suppose -14 = -z*q - 0*q. List the prime factors of q.
7
Suppose -38*d = -37*d - 27. What are the prime factors of d?
3
Let w(j) = j**3 - 5*j**2 - 5*j - 1. Let v be w(6). Suppose 3*q + 25 - 142 = -r, 3*q + v*r = 105. What are the prime factors of q?
2, 5
Suppose 6*j - j - 10 = 5*x, -3*j = 5*x + 10. What are the prime factors of (j - 5/2)*-2?
5
Let d = -23 + 65. Suppose -5*c + 43 + d = 0. List the prime factors of c.
17
Let c(p) = -3*p - 4. Let a(w) = -w**3 - 5*w**2 - 2*w + 5. Let q be a(-4). Let j = -2 + q. List the prime factors of c(j).
11
Let q(m) = m**2 - 7*m - 8. Let o be q(8). Suppose o = -2*c + 20 + 58. What are the prime factors of c?
3, 13
Suppose 4*u - 2*u + 340 = 4*p, -4*p - 3*u = -320. What are the prime factors of p?
83
List the prime factors of 50 - 4 - (-2)/(-1).
2, 11
Let t(m) be the first derivative of -3*m**2 - 5*m + 1. Let g be t(-6). Suppose 3*d = -b + g, 3*b = -3*d + 5*b + 19. List the prime factors of d.
3
Suppose 0 = -z + 2*z - 16. Let q = z + -6. What are the prime factors of q?
2, 5
List the prime factors of (47 + 1)*(-4)/(-6).
2
Let x = 107 - 74. What are the prime factors of x?
3, 11
Let d(l) = -3*l**2 - 3*l + 2. Let g be d(2). Let c(y) = 5*y**3 - y**2 + 1. Let b be c(1). What are the prime factors of b/(-15) + g/(-3)?
5
Suppose 3*m + u - 96 = 1, 146 = 4*m - 2*u. What are the prime factors of m?
2, 17
Suppose 12 = f - 8. Suppose -x - x + 4*n = -30, 3*x - n = f. List the prime factors of x.
5
Let n = 94 + -49. List the prime factors of n.
3, 5
What are the prime factors of 3*(-12)/18 + (312 - 3)?
307
Suppose -3*a + 24 = -0*a. What are the prime factors of 2 - (a - 2) - -26?
2, 11
Let z be 44/14 - 7/49. Suppose -z*p + 0*p = -51. List the prime factors of p.
17
Let x = -138 + 157. What are the prime factors of x?
19
Let l(m) = -m**2 + 3*m + 6. Let f be l(5). List the prime factors of f/6 + 118/6.
19
Let r(g) = -g**2 + 11*g. Let i be r(11). Suppose -4*k + i*k = -80. What are the prime factors of k?
2, 5
Suppose -2*j - 4*y - 3 = 9, 5*y = 4*j + 24. Let x(q) = 3*q + 8. Let m be x(j). Let l = 5 - m. What are the prime factors of l?
3, 5
Let v = -61 + 85. Let s be -2*(-4)/(v/15). Let r = s - -2. What are the prime factors of r?
7
Suppose -5*s = -0*s - 315. List the prime factors of s.
3, 7
Let f = 71 - 136. Let v = 35 + f. What are the prime factors of (v/4)/(3/(-4))?
2, 5
Suppose 0*t + 100 = 5*t. What are the prime factors of t?
2, 5
Let u = 2 - -5. Let k be (-2)/u - (-594)/21. Suppose k = -3*q + 7*q. What are the prime factors of q?
7
Let i be 11/(2/(-2) - 0). Let u = 2 + -17. Let h = i - u. List the prime factors of h.
2
Let r = 18 - 12. Let z = 7 + -5. Suppose -k = -z - r. List the prime factors of k.
2
Suppose -4*a + 2 = -3*h + 4*h, 5*h = -a + 10. Suppose -k + 4*k - 5*v - 11 = 0, -h*v = 5*k - 8. List the prime factors of k.
2
Let q be 2*-1*2/4. Let d be 3/(1 + 1 + q). Suppose -11 - 10 = -d*t. What are the prime factors of t?
7
Suppose 25 + 16 = q. List the prime factors of q.
41
What are the prime factors of (3/9)/(5*(-2)/(-2730))?
7, 13
Suppose -3*h - 130 = -5*h. What are the prime factors of h?
5, 13
Let b(g) = g**2 - 16*g + 18. List the prime factors of b(15).
3
Suppose 3 = 3*a - 12. Suppose -5*y = h - 2*h - 36, -a*y + 31 = 4*h. What are the prime factors of y?
7
Suppose 3*y = -5*z + 2*z, -z - 8 = 5*y. List the prime factors of z.
2
Suppose 11 = -2*n + 97. What are the prime factors of n?
43
Let s(q) = q**2 + 7*q + 6. Let l be s(-4). Let g be (-2)/(l/15) + -1. Suppose g*h = -0*r + 5*r - 65, -16 = r + 5*h. List the prime factors of r.
3
Let n(s) = -4*s + 2*s**3 - 4*s**3 + 3*s**3 - 10 + 9 - 2*s**2. What are the prime factors of n(4)?
3, 5
Let v = 7 - 2. Let m(k) = -2*k**2 + 10*k - 18. Let o be m(3). List the prime factors of (v - 6)*o*1.
2, 3
Suppose 7 = 4*h + 3*q, -2*q = 3*h + 1 - 7. Suppose h*k = -2*x + 8, k + 3*k = 2*x + 16. What are the prime factors of k?
3
Suppose 0*r - r = -3*j + 9, -2*j + 4*r = -6. Suppose j*d - 4 - 8 = 0. List the prime factors of d.
2
Let m(q) = -q - 4. Let p be m(2). Suppose -2*r + 42 = -4*n, -2*r - 3*n = r - 45. Let l = r + p. What are the prime factors of l?
11
Let u = 0 - 0. Suppose u = -2*c - c - 12. List the prime factors of 0/(-1) + -2 - c.
2
Let t = 6 - 0. List the prime factors of 138/9 + (-2)/t.
3, 5
List the prime factors of (9/1)/((-21)/(-168)).
2, 3
Let i = -1 + 3. Suppose i = 2*t - t. Suppose 0 = -5*s + t*a + 46, 7 = 4*s + 3*a - 16. What are the prime factors of s?
2
Suppose 2*l + 13 = -5*r, 4*l - 2*l - 2*r = 22. What are the prime factors of l?
2, 3
Let d = -10 + 53. What are the prime factors of d?
43
Let x be (-6)/(-9) - 21/(-9). Suppose 6 + 6 = x*t. Suppose -t*v = v - 10. What are the prime factors of v?
2
Suppose 0 = -0*r + 2*r - 5*q + 10, -q = -4. Suppose 5*c + 10 = 5*v, 3*v + 23 + 3 = -r*c. Let g(j) = 2*j**2 + 4*j + 2. What are the prime factors of g(v)?
2
Let y = 3 - 3. Suppose 4*a - 5*a = y. Suppose 21 = -g + 4*g + 2*z, -4*z = a. List the prime